and s.
3
Let s(j) = -66*j**3 - 2*j**2 + 4*j - 3. Let d be s(2). Let f = -521 - d. Calculate the greatest common factor of 175 and f.
5
Let l = -4461 - -12986. What is the highest common divisor of l and 25?
25
Let h = -1078 - -1094. What is the highest common factor of 1072 and h?
16
Suppose 89*f = 96*f - 266. What is the highest common factor of 1216 and f?
38
Suppose 14*k - 1122 = 18*k - 5*f, 5*k - 3*f = -1396. Let h = k + 283. Calculate the greatest common factor of h and 295.
5
Suppose 0 = h - 257 - 918. What is the greatest common divisor of h and 47?
47
Suppose -2*m + 6*m + 492 = 2*c, 5*c - 1203 = m. Let r be (16/(-32))/((-1)/c). Let b(q) = 4*q - 4. Let i be b(7). What is the highest common factor of r and i?
24
Let n = 110 - 70. Suppose -7*q + 222 = 166. Suppose q*f + 179 = 259. Calculate the highest common factor of f and n.
10
Let a(u) = 8*u + 61. Let i be a(14). Let k = i + -71. Suppose -p - 444 = -4*x, -x + 3*p - 5*p = -k. Calculate the greatest common divisor of x and 22.
22
Let v = 466 - 986. Let a = 521 + v. Calculate the highest common divisor of 9 and a.
1
Let x(m) = 117*m + 9. Let f be x(5). Let q = f + -354. Suppose -4*p - 2*i + q = 0, i - 124 = -2*p - i. What is the highest common factor of 58 and p?
58
Suppose 5*a + 3881 = -1554. Let k = a + 1870. Calculate the highest common factor of 27 and k.
27
Let u be (14 - -5) + -7 + -1 + 1. What is the highest common factor of u and 426?
6
Let w be 1 + (-37)/(-2) + 105/70. Let j be w - ((5 - 0) + -12). Calculate the greatest common divisor of j and 448.
28
Let s = -221 + -281. Let m = s + 518. What is the highest common factor of m and 640?
16
Let y be 1/(7/2 + -2 - 2). Let n be (y + -2 + 5/2)*-2. Suppose 5*p + 3*m - 126 = 0, 14 = p - 2*m - n*m. Calculate the highest common factor of 192 and p.
24
Let u(v) = 18*v**2 - 54*v. Let d be u(3). Suppose 4*w = -c + 6*w + 24, -4*w + 12 = d. Calculate the greatest common divisor of 12 and c.
6
Let h be (-33 + 35)*(-12)/18*-3558. Calculate the greatest common divisor of 32 and h.
8
Let s be (86 + -44)/84*(1080 + (-4)/2). Calculate the highest common factor of 343 and s.
49
Suppose -71*a = -69*a - 2. Let p be (a - -44)/3 - (-1 - -5). What is the greatest common factor of 11 and p?
11
Let r be 2/((-1096942)/(-156702) + -7). What is the greatest common factor of r and 91?
91
Suppose -7562 = -30*b + 2698. Suppose -27*q = -b - 198. Calculate the highest common divisor of q and 10.
10
Let d(f) = f**2 - 34*f - 220. Let h be d(40). What is the highest common factor of h and 3020?
20
Let u(i) = -i**2 + 9*i - 3. Let b be u(8). Suppose 277 = -b*k - 253. Let g be (-14)/21 + k/(-6) + -2. Calculate the highest common factor of 15 and g.
15
Let n be 2/(-1) + (-6 - -12). Suppose 68 = q + 11*m - 10*m, 0 = 4*q - n*m - 280. Calculate the highest common divisor of q and 46.
23
Let y(l) = 2*l**2 - 37*l - 158. Let n be y(-4). What is the greatest common factor of 396 and n?
22
Let z be (10 + 5)*2/6. Let g(y) = -5*y + 45. Let t be g(z). Let n = -3 - -13. Calculate the greatest common divisor of t and n.
10
Suppose -22 = -3*g + 92. Suppose 309 = 2*v - 5*j, -3*v - 756 = -8*v - 4*j. What is the highest common factor of v and g?
38
Let w be 55 + -58 - (2 + -1 - 9). Suppose 2*q - 580 = -2*x, -w*x + 0*x = 3*q - 1458. What is the highest common factor of 28 and x?
14
Let h = 76 - 70. Suppose 0 = -5*w - 3*c - 400, -w - 49 - 31 = c. Let p be (-912)/w + (-6)/(-10). What is the highest common factor of h and p?
6
Let g(s) = -5*s - 29. Let l be g(-14). Let r = -38 + l. Suppose 5*b = -5*d + 371 + 299, -407 = -r*b + 2*d. What is the highest common factor of 15 and b?
15
Suppose -12*l + 72 = -24*l. Let p be ((-1881)/38)/(l/20). What is the highest common divisor of p and 33?
33
Let h = -87 + 78. Let n be -1 + h/(9/(-28)). What is the highest common factor of n and 54?
27
Let t(y) = -3*y**2 + 11*y + 1. Let b be t(4). Let m be 34/51 + (-37)/b. What is the highest common factor of m and 351?
13
Let p = -734 + 774. Let z be 11/1 + (11 - 12). Suppose -z = 24*s - 26*s. Calculate the highest common divisor of p and s.
5
Suppose -15 = -19*q + 23. Suppose 3*s - 64 = -5*u + 9, q*s - u - 40 = 0. Calculate the greatest common divisor of 28 and s.
7
Suppose -231*s = 4*k - 236*s - 1087, 2*s - 1066 = -4*k. Calculate the highest common factor of 14204 and k.
268
Suppose 4*c - 1822 = 3*x, 2*x = 2*c - 222 - 692. What is the greatest common divisor of c and 22?
11
Suppose -3*g + 423 = 9*h - 5*h, -5*h + 2*g = -546. Suppose 3*d - 6 = 0, 5*d = 4*z - 2*z + 100. Let w = 27 - z. What is the greatest common divisor of w and h?
36
Suppose -5*l - 7 + 12 = -5*a, -5*a + 23 = 2*l. Let q be ((-2816)/40)/8*(-10)/l. Calculate the greatest common divisor of q and 99.
11
Let p(r) = -2*r**3 + 29*r**2 + 48*r - 18. Let x be p(-2). What is the greatest common divisor of 1224 and x?
18
Suppose 0 = m + 5*j - 17 - 2, -2*m - 4*j = -38. Suppose -2*r - 15*c + 156 = -m*c, c + 333 = 4*r. What is the highest common divisor of 60 and r?
12
Suppose -2*k - 23*g = -28*g - 600, 560 = 2*k + 5*g. What is the greatest common factor of k and 55?
5
Let r be 10/25 - (-14)/(-10) - 17. Let j be (250/3)/((-9)/54). Let z be j/(-18) - ((-104)/r - 6). Calculate the highest common divisor of 4 and z.
4
Let s = -4486 + 4487. Calculate the greatest common divisor of 281 and s.
1
Let l(q) = 3*q**2 + 139*q + 1552. Let k be l(-28). Let n be 77 - (2 + 0 + -4). Let m = n + -43. What is the greatest common divisor of m and k?
12
Let i be -4*(1 + 1/(8/12)). Let m be (-68)/i*(-7 + -1 + 3). Let c = m - -66. Calculate the greatest common factor of 24 and c.
8
Let p = 1 - -5. Let y = 231 - 207. Let o(s) = -s**2 + 25*s - 18. Let m be o(y). Calculate the greatest common divisor of p and m.
6
Let q be 200/15*3*1. Let p = 7 + 21. Suppose 68 = 2*s + p. Calculate the greatest common factor of q and s.
20
Suppose -4*c + 36 = -0*c + 5*p, c + 8 = 3*p. Suppose 7*b - 258 = -41. Suppose i + c*z - 18 = 11, -2*z + b = i. Calculate the highest common factor of 11 and i.
11
Suppose -46*i + 695 = -1281 - 1980. Calculate the greatest common factor of i and 70.
2
Let u be 120/96 - (-1 + -32)*(-8660)/(-48). Calculate the highest common divisor of u and 45.
15
Suppose 2*l - 5*n - 53 = 0, -5*l + 2*n = 40 - 120. Let g = -1432 + 1614. What is the greatest common divisor of l and g?
14
Let n(h) = h**2 + 8*h + 6. Let y(z) = -z**2 + 5*z + 1. Let v be y(3). Suppose 45 = v*q - 12*q. Let f be n(q). What is the greatest common factor of f and 15?
15
Let y(m) = m**2 + 6*m - 26. Let k be y(-10). Suppose -k*a + 6*a = 0. Suppose x + 42 - 122 = a. Calculate the highest common divisor of x and 64.
16
Let h be 116/6 - (-4)/6. Let k be 6/(60/94) - 4/10. Suppose -1085 = 4*s - k*s - 3*d, -4*s + 5*d + 905 = 0. Calculate the highest common divisor of h and s.
20
Suppose -3*w + 32040 = 4*p, 4*w + 24080 = -79*p + 82*p. What is the highest common divisor of 192 and p?
48
Let q = -36 - -39. Suppose 4*k = -5*y + q*y + 404, 2*y + 3*k - 403 = 0. Calculate the highest common factor of y and 50.
50
Let n(c) = 2*c**2 - 3*c + 2. Let s be (-16)/6 - (-10)/15 - -4. Let r be n(s). Calculate the highest common factor of r and 3.
1
Let i be 154 - 6/((-36)/42). Let n = i + -105. Calculate the greatest common divisor of 7 and n.
7
Suppose -4*f = -3*n - f + 30, 4*n - 5*f - 45 = 0. Suppose n*j - 35 = 4*s, -6 - 1 = -j + 4*s. What is the highest common divisor of 154 and j?
7
Let h(c) = 2*c**3 + 17*c**2 + 6*c - 14. Let m be h(-8). Suppose 63 = -m*p + 71. What is the greatest common factor of p and 36?
4
Suppose -75*g = 16056 - 20106. Let q(f) = 17*f**2 + 2*f. Let w = -2 - -4. Let k be q(w). Calculate the greatest common divisor of k and g.
18
Let v(g) be the third derivative of -g**4/12 + 55*g**3/3 + 100*g**2. Let x be v(-17). Calculate the highest common factor of x and 9.
9
Let p(t) = t**3 + t**2 + 2*t - 6. Let x be p(0). Let w be x + 2 - 1*(-4)/2. Let m be (9/3 - 33)/(w + 1). Calculate the greatest common factor of 6 and m.
6
Suppose -4*j + 194 - 14 = 0. Let s(v) = -v**3 + 28*v**2 + 8*v - 44. Let w be s(28). Calculate the highest common factor of w and j.
45
Let f = -387 - -1251. Suppose f = -8*z + 12*z. What is the greatest common factor of 48 and z?
24
Suppose 0 = -8*b + 13*b - 15. Suppose -4*o = j - 188, o + 6*j 